(-1) - (-381)/(-9)) is divided by 41?
32
Let z(l) = l - 1. Let r(f) = -5*f + 40. Let p(w) = r(w) + 6*z(w). Let m be p(-17). Let k = 1 + m. Calculate the remainder when 50 is divided by k.
14
Let f(t) = t**2 - 13*t + 83. Suppose -29 = 5*o - 6*o. Calculate the remainder when f(0) is divided by o.
25
Let j = 49430 + -49329. Calculate the remainder when j is divided by 16*2*2/8.
5
What is the remainder when 2225 is divided by (-4)/(-66) - (-28 + 27176/(-264))?
129
Suppose -50*n - 6*m = -52*n + 6102, -5*m - 30 = 0. Calculate the remainder when n is divided by 92.
89
Let r(f) = -9*f + 63. Let l be r(8). Suppose -4*u + 3 = -2*i - 3, 0 = -5*u + 15. What is the remainder when 52 is divided by (-14)/i*l/3?
10
Let z(c) = -8*c + 8. Let m = 26 - -70. What is the remainder when z(-6) is divided by 25 + (m/(-6))/(-4)?
27
Let g = 376 - 451. Let i = 5 + -2. Calculate the remainder when 28 is divided by (g/(-45))/(0 - (-1)/i).
3
Let q(t) = 4*t**2 - 22*t + 18. Let y be q(9). Suppose 5*n = 2*n - y. Let d = -35 - n. Calculate the remainder when 22 is divided by d.
9
Let y(d) = -d**3 - 82*d**2 - 1554*d + 318. Let q(j) = 4*j**2 - 2. What is the remainder when q(2) is divided by y(-52)?
2
Suppose 10896 = 21*b - 2922. Suppose 12*l - 290 = b. Suppose -3*n = -0*n - 60. What is the remainder when l is divided by n?
19
Let k = -520 + 526. Suppose 26 = 4*t + 2*v, -t + v - 7 = k*v. Calculate the remainder when 43 is divided by t.
3
Suppose y - 2*u - 528 = 0, -5*y + 1107 + 1578 = -u. Suppose -17*o + y = -686. Calculate the remainder when o is divided by 20.
12
Calculate the remainder when (-165096)/(-504) - ((-4)/(-18) + (-123)/189) is divided by 73.
36
Let x = 91 - 171. Let d = 143 - x. Calculate the remainder when d is divided by 45.
43
Let g(o) = -o**2 + 17*o + 2. Let c be g(17). Suppose -c*k + 152 = -b, 17 = 5*b - 3. What is the remainder when k is divided by 15?
3
Suppose 1396*c = 1397*c - 434. Let j = c + -315. Calculate the remainder when j is divided by 22.
9
Suppose 3*h = -h + 72. Suppose 60*m - 2273 = 2707. What is the remainder when m is divided by h?
11
Let y(f) = -58*f + 190. Calculate the remainder when 402 is divided by y(3).
2
Let u be (51 + 1)*(1 + (-6)/3). Let x = u - -57. Suppose -287 = -x*q + 4*d, 58 = q - 0*d - d. Calculate the remainder when 109 is divided by q.
54
Suppose -12116 + 30248 = 12*t. Calculate the remainder when t is divided by 28.
27
Suppose -36 - 4 = -2*z. What is the remainder when -11 + (-668)/(-10) + (-2)/(-10) is divided by z?
16
Let y = -230 - -230. Suppose y = 5*s + 3*q - 54, -5*s + 0*q = -3*q - 36. What is the remainder when 38 is divided by s?
2
Suppose -5*z - 20*n + 19*n + 285 = 0, 171 = 3*z + 4*n. Let p = -39 - -45. What is the remainder when z is divided by p?
3
Suppose -2*k = -2*d - 16, 4*d = 17*k - 15*k - 12. Calculate the remainder when 380 is divided by k.
0
Let m(o) = o**3 + 46*o**2 + 89*o + 46. Let k be m(-44). Suppose -3*j = -k*r + 39, 10*r + j = 13*r - 41. What is the remainder when 1076 is divided by r?
8
Suppose i + 3262 + 2723 = 4*l, -2*i = 5*l - 7491. What is the remainder when l is divided by 3?
0
Suppose 0 = -6*b - 810 - 1434. Calculate the remainder when (b/(-3) - 76/(-57)) + 0 is divided by 25.
1
Let z(b) be the first derivative of b**3 + 13*b**2 + 34*b + 64. Calculate the remainder when 68 is divided by z(-8).
14
Let i = 22 + 48. Let x = i + -46. Let y(q) = -3051*q - 24319. What is the remainder when y(-8) is divided by x?
17
Let i be 10/3 - 1 - 117/351. Suppose 27*y + i*y = 11223. What is the remainder when y is divided by 23?
19
Let n(u) = 108*u + 2216. Suppose -p - 55 = -3*b, 82 = 3*b + 5*p - 3. What is the remainder when n(-20) is divided by b?
16
Let z(j) be the third derivative of -17*j**4/24 - 55*j**3/6 + 36*j**2 + 2*j. Calculate the remainder when 68 is divided by z(-4).
3
Let f(s) = 2*s**3 + 26*s**2 + 21*s + 36. Calculate the remainder when 350 is divided by f(-12).
62
Suppose -194*b - 56 = -4*h - 190*b, 2*h - 34 = 3*b. Calculate the remainder when 897 is divided by h.
1
Let m(o) = 68 - 23*o + 13*o + 0*o + 7*o. What is the remainder when m(-10) is divided by 20?
18
Suppose -4*h - 5*c - 35 = 0, 0 = -2*h + 2*c - 4 - 0. Calculate the remainder when (-7 - h)*(-428)/8 is divided by 12.
11
Let a = 45034 - 45008. Suppose -302 = -3*f - 2*s, -3*s + 8*s + 316 = 3*f. What is the remainder when f is divided by a?
24
Calculate the remainder when 615 is divided by ((-6)/10 - -1) + (-141552)/(-720).
24
Let u = -452 - -457. Let o be 0 + -101 - (3 - 5). Calculate the remainder when 4/(-6)*o/2 is divided by u.
3
Suppose -4*l + 12 = 3*g - 11, 0 = -2*l - 2*g + 14. Suppose -5*z - 9 = 5*b + 16, l*z + 10 = 5*b. Let w = 13 - z. What is the remainder when 86 is divided by w?
14
Suppose -27153 = -32*v + 29*v - 3*d, -5*v = 6*d - 45248. Calculate the remainder when v is divided by 3018.
4
Let u = -15 - -25. Let h = u + 65. Suppose -26*d = -31*d + h. What is the remainder when 73 is divided by d?
13
Let z(v) = 2*v**3 + 25*v**2 - 16*v - 31. Let a be z(-13). Let o(h) = -10*h + 119. What is the remainder when o(a) is divided by 20?
19
Calculate the remainder when 341 is divided by 21/84 - (-1)/((-2)/(-465)*6).
29
Let n = -34 + 56. Suppose -n*s = -28*s + 336. Calculate the remainder when s is divided by ((-5)/3)/(1/(-9)).
11
Let v be 23/4 - 12/16. Suppose 0 = -z + 85 + 2. Let o = z - v. Calculate the remainder when o is divided by 28.
26
Let h = -1146 + 732. Let z = h - -499. What is the remainder when z is divided by 15?
10
Suppose -6*c = -4*c - 3*p - 153, -5*c - 5*p = -320. Let s be (-1)/6 - (-2)/12. Suppose s*m = 3*m - c. Calculate the remainder when 89 is divided by m.
20
Let j(f) = -22*f - 27. Let q = 300 + -304. Calculate the remainder when 609 is divided by j(q).
60
What is the remainder when 143175/27 - ((108/(-9))/3)/18 is divided by 8?
7
Suppose 15*a - 11*a - 21*a = -170. Calculate the remainder when 464 is divided by a.
4
Suppose -5*f + 2*r = -750, 14*f + 163 = 15*f - 3*r. What is the remainder when 165 is divided by f?
17
Suppose 0*n = 3*n. Suppose 4*o - 52 = -5*m, n*m = -o + 2*m. Calculate the remainder when (26 - -2) + -2 + (6 - 4) is divided by o.
4
Let w be 42/8 + (-10 - (-280)/32). Let f be (-26)/6 + (-2)/(-6). Calculate the remainder when 103 is divided by -4*(w/f)/(-2) + 15.
12
Suppose 4*j - 124 = 2*j. Let h = -82 + 145. Suppose 0 = 10*v - 7*v - h. What is the remainder when j is divided by v?
20
Suppose -54*g + 2 = -52*g, -4*m = -3*g - 169. What is the remainder when 330 is divided by m?
29
Suppose -813 = -3*r + 4*f, 3*r - 880 = -4*f - 115. Calculate the remainder when 4205 is divided by r.
260
Suppose 0 = 5*u + 4*a - 4447, 4*a = u - 1257 + 334. Calculate the remainder when u is divided by 2.
1
Let n(i) = -i**2 + 7*i - 2. Let s be n(-6). Let y = -11 - s. Let d = 98 - y. Calculate the remainder when 106 is divided by d.
19
Let d = -2 + -2. Let b(i) = i**3 + 12*i**2 - 10*i + 19. Let w be b(-13). Calculate the remainder when 50 is divided by 8/w*-5*(-26)/d.
11
Let z(d) = 13*d**2 - 1. Suppose 0 = x - 2*g - 36, 5*x = -5*g - 482 + 602. Calculate the remainder when x is divided by z(1).
4
Let k = 306 - 296. Suppose 0 = 5*s + 29 - 9, -5*s - 6 = p. Calculate the remainder when p is divided by k.
4
Let f(n) be the second derivative of n**3/3 + 7*n**2 + 58*n + 1. What is the remainder when f(2) is divided by 12?
6
Calculate the remainder when 168 is divided by 3/3 - ((-34)/17 - 46).
21
Suppose 320 = 3*a + 5*j, -5*j = 3*a - 4*a + 120. Calculate the remainder when a is divided by 1/((1/87)/((-39)/(-9) - 4)).
23
Suppose -4*f + 2*a = -222, -4*f + 29 = -4*a - 203. Suppose 0 = 2*o - 3*l - f, o - 3 - 25 = 2*l. Calculate the remainder when o is divided by 9.
4
Let s(x) = x**2 - 27*x - 48. Let w be s(-12). Suppose -3*c + 4*c + l = 80, w = 5*c - 5*l. Calculate the remainder when c is divided by 21.
19
Suppose -2*w + 8 = 5*s, 4*w - 20 = -w + 5*s. Suppose -1 - 48 = -q - 2*o, 205 = w*q + 5*o. What is the remainder when 215 is divided by q?
50
Let a(d) = -95*d + 222. Calculate the remainder when a(-7) is divided by 64.
55
Suppose 7*h + 39 = 20*h. Suppose 2*y - 12 = 4*y - h*r, -8 = 2*y - 2*r. Suppose y*p - p = -48. Calculate the remainder when p is divided by 17.
14
Let a(q) = -q**3 - 26*q**2 + 54*q + 10. Let i(r) = -58*r - 260. Let l b